{"id":12,"date":"2024-09-05T13:08:49","date_gmt":"2024-09-05T11:08:49","guid":{"rendered":"http:\/\/zgloszenia.earlgreyfilm.com\/?page_id=12"},"modified":"2024-09-10T17:32:12","modified_gmt":"2024-09-10T15:32:12","slug":"strona-glowna","status":"publish","type":"page","link":"https:\/\/earlgreyfilm.com\/index.php\/strona-glowna\/","title":{"rendered":"EarlGrey"},"content":{"rendered":"\n<p>W EARLGREY tworzymy ju\u017c od kilkunastu lat. Nasza historia zacz\u0119\u0142a si\u0119 jednak wcze\u015bniej. Na pocz\u0105tku pracowali\u015bmy dla telewizji jako zesp\u00f3\u0142, wsp\u00f3\u0142tworz\u0105c projekty, kt\u00f3re polubili widzowie. &nbsp;<\/p>\n\n\n\n<figure class=\"wp-block-gallery has-nested-images columns-default is-cropped wp-block-gallery-1 is-layout-flex wp-block-gallery-is-layout-flex\">\n<figure class=\"wp-block-image size-large\"><img loading=\"lazy\" decoding=\"async\" width=\"1024\" height=\"465\" data-id=\"65\" src=\"http:\/\/zgloszenia.earlgreyfilm.com\/wp-content\/uploads\/2024\/09\/021_Usterka-1024x465.jpg\" alt=\"\" class=\"wp-image-65\" srcset=\"https:\/\/earlgreyfilm.com\/wp-content\/uploads\/2024\/09\/021_Usterka-1024x465.jpg 1024w, https:\/\/earlgreyfilm.com\/wp-content\/uploads\/2024\/09\/021_Usterka-300x136.jpg 300w, https:\/\/earlgreyfilm.com\/wp-content\/uploads\/2024\/09\/021_Usterka-768x349.jpg 768w, https:\/\/earlgreyfilm.com\/wp-content\/uploads\/2024\/09\/021_Usterka-1536x698.jpg 1536w, https:\/\/earlgreyfilm.com\/wp-content\/uploads\/2024\/09\/021_Usterka-2048x931.jpg 2048w\" sizes=\"auto, (max-width: 706px) 89vw, (max-width: 767px) 82vw, 740px\" \/><\/figure>\n\n\n\n<figure class=\"wp-block-image size-large\"><img loading=\"lazy\" decoding=\"async\" width=\"1024\" height=\"465\" data-id=\"64\" src=\"http:\/\/zgloszenia.earlgreyfilm.com\/wp-content\/uploads\/2024\/09\/020_Nauka-Jazdy-1024x465.jpg\" alt=\"\" class=\"wp-image-64\" srcset=\"https:\/\/earlgreyfilm.com\/wp-content\/uploads\/2024\/09\/020_Nauka-Jazdy-1024x465.jpg 1024w, https:\/\/earlgreyfilm.com\/wp-content\/uploads\/2024\/09\/020_Nauka-Jazdy-300x136.jpg 300w, https:\/\/earlgreyfilm.com\/wp-content\/uploads\/2024\/09\/020_Nauka-Jazdy-768x349.jpg 768w, https:\/\/earlgreyfilm.com\/wp-content\/uploads\/2024\/09\/020_Nauka-Jazdy-1536x698.jpg 1536w, https:\/\/earlgreyfilm.com\/wp-content\/uploads\/2024\/09\/020_Nauka-Jazdy-2048x931.jpg 2048w\" sizes=\"auto, (max-width: 706px) 89vw, (max-width: 767px) 82vw, 740px\" \/><\/figure>\n\n\n\n<figure class=\"wp-block-image size-large\"><img loading=\"lazy\" decoding=\"async\" width=\"1024\" height=\"465\" data-id=\"63\" src=\"http:\/\/zgloszenia.earlgreyfilm.com\/wp-content\/uploads\/2024\/09\/019_Nie-Do-Wiary-1024x465.jpg\" alt=\"\" class=\"wp-image-63\" srcset=\"https:\/\/earlgreyfilm.com\/wp-content\/uploads\/2024\/09\/019_Nie-Do-Wiary-1024x465.jpg 1024w, https:\/\/earlgreyfilm.com\/wp-content\/uploads\/2024\/09\/019_Nie-Do-Wiary-300x136.jpg 300w, https:\/\/earlgreyfilm.com\/wp-content\/uploads\/2024\/09\/019_Nie-Do-Wiary-768x349.jpg 768w, https:\/\/earlgreyfilm.com\/wp-content\/uploads\/2024\/09\/019_Nie-Do-Wiary-1536x698.jpg 1536w, https:\/\/earlgreyfilm.com\/wp-content\/uploads\/2024\/09\/019_Nie-Do-Wiary-2048x931.jpg 2048w\" sizes=\"auto, (max-width: 706px) 89vw, (max-width: 767px) 82vw, 740px\" \/><\/figure>\n\n\n\n<figure class=\"wp-block-image size-large\"><img loading=\"lazy\" decoding=\"async\" width=\"1024\" height=\"465\" data-id=\"66\" src=\"http:\/\/zgloszenia.earlgreyfilm.com\/wp-content\/uploads\/2024\/09\/025_Surowi-Rodzice-1024x465.jpg\" alt=\"\" class=\"wp-image-66\" srcset=\"https:\/\/earlgreyfilm.com\/wp-content\/uploads\/2024\/09\/025_Surowi-Rodzice-1024x465.jpg 1024w, https:\/\/earlgreyfilm.com\/wp-content\/uploads\/2024\/09\/025_Surowi-Rodzice-300x136.jpg 300w, https:\/\/earlgreyfilm.com\/wp-content\/uploads\/2024\/09\/025_Surowi-Rodzice-768x349.jpg 768w, https:\/\/earlgreyfilm.com\/wp-content\/uploads\/2024\/09\/025_Surowi-Rodzice-1536x698.jpg 1536w, https:\/\/earlgreyfilm.com\/wp-content\/uploads\/2024\/09\/025_Surowi-Rodzice-2048x931.jpg 2048w\" sizes=\"auto, (max-width: 706px) 89vw, (max-width: 767px) 82vw, 740px\" \/><\/figure>\n\n\n\n<figure class=\"wp-block-image size-large is-style-default\"><img loading=\"lazy\" decoding=\"async\" width=\"1024\" height=\"614\" data-id=\"77\" src=\"http:\/\/zgloszenia.earlgreyfilm.com\/wp-content\/uploads\/2024\/09\/cropped-003_Doradca-Smaku-1024x614.jpg\" alt=\"\" class=\"wp-image-77\" srcset=\"https:\/\/earlgreyfilm.com\/wp-content\/uploads\/2024\/09\/cropped-003_Doradca-Smaku-1024x614.jpg 1024w, https:\/\/earlgreyfilm.com\/wp-content\/uploads\/2024\/09\/cropped-003_Doradca-Smaku-300x180.jpg 300w, https:\/\/earlgreyfilm.com\/wp-content\/uploads\/2024\/09\/cropped-003_Doradca-Smaku-768x460.jpg 768w, https:\/\/earlgreyfilm.com\/wp-content\/uploads\/2024\/09\/cropped-003_Doradca-Smaku-1536x921.jpg 1536w, https:\/\/earlgreyfilm.com\/wp-content\/uploads\/2024\/09\/cropped-003_Doradca-Smaku.jpg 2000w\" sizes=\"auto, (max-width: 706px) 89vw, (max-width: 767px) 82vw, 740px\" \/><\/figure>\n\n\n\n<figure class=\"wp-block-image size-large\"><img loading=\"lazy\" decoding=\"async\" width=\"1024\" height=\"465\" data-id=\"57\" src=\"http:\/\/zgloszenia.earlgreyfilm.com\/wp-content\/uploads\/2024\/09\/013_Wizyt-Specjalnych-Michela-Morana-1024x465.jpg\" alt=\"\" class=\"wp-image-57\" srcset=\"https:\/\/earlgreyfilm.com\/wp-content\/uploads\/2024\/09\/013_Wizyt-Specjalnych-Michela-Morana-1024x465.jpg 1024w, https:\/\/earlgreyfilm.com\/wp-content\/uploads\/2024\/09\/013_Wizyt-Specjalnych-Michela-Morana-300x136.jpg 300w, https:\/\/earlgreyfilm.com\/wp-content\/uploads\/2024\/09\/013_Wizyt-Specjalnych-Michela-Morana-768x349.jpg 768w, https:\/\/earlgreyfilm.com\/wp-content\/uploads\/2024\/09\/013_Wizyt-Specjalnych-Michela-Morana-1536x698.jpg 1536w, https:\/\/earlgreyfilm.com\/wp-content\/uploads\/2024\/09\/013_Wizyt-Specjalnych-Michela-Morana-2048x931.jpg 2048w\" sizes=\"auto, (max-width: 706px) 89vw, (max-width: 767px) 82vw, 740px\" \/><\/figure>\n\n\n\n<figure class=\"wp-block-image size-large\"><img loading=\"lazy\" decoding=\"async\" width=\"1024\" height=\"465\" data-id=\"47\" src=\"http:\/\/zgloszenia.earlgreyfilm.com\/wp-content\/uploads\/2024\/09\/004_Kto-poslubi-mojego-syna-1024x465.jpg\" alt=\"\" class=\"wp-image-47\" srcset=\"https:\/\/earlgreyfilm.com\/wp-content\/uploads\/2024\/09\/004_Kto-poslubi-mojego-syna-1024x465.jpg 1024w, https:\/\/earlgreyfilm.com\/wp-content\/uploads\/2024\/09\/004_Kto-poslubi-mojego-syna-300x136.jpg 300w, https:\/\/earlgreyfilm.com\/wp-content\/uploads\/2024\/09\/004_Kto-poslubi-mojego-syna-768x349.jpg 768w, https:\/\/earlgreyfilm.com\/wp-content\/uploads\/2024\/09\/004_Kto-poslubi-mojego-syna-1536x698.jpg 1536w, https:\/\/earlgreyfilm.com\/wp-content\/uploads\/2024\/09\/004_Kto-poslubi-mojego-syna-2048x931.jpg 2048w\" sizes=\"auto, (max-width: 706px) 89vw, (max-width: 767px) 82vw, 740px\" \/><\/figure>\n\n\n\n<figure class=\"wp-block-image size-large\"><img loading=\"lazy\" decoding=\"async\" width=\"1024\" height=\"465\" data-id=\"46\" src=\"http:\/\/zgloszenia.earlgreyfilm.com\/wp-content\/uploads\/2024\/09\/002_Pyszne25-1024x465.jpg\" alt=\"\" class=\"wp-image-46\" srcset=\"https:\/\/earlgreyfilm.com\/wp-content\/uploads\/2024\/09\/002_Pyszne25-1024x465.jpg 1024w, https:\/\/earlgreyfilm.com\/wp-content\/uploads\/2024\/09\/002_Pyszne25-300x136.jpg 300w, https:\/\/earlgreyfilm.com\/wp-content\/uploads\/2024\/09\/002_Pyszne25-768x349.jpg 768w, https:\/\/earlgreyfilm.com\/wp-content\/uploads\/2024\/09\/002_Pyszne25-1536x698.jpg 1536w, https:\/\/earlgreyfilm.com\/wp-content\/uploads\/2024\/09\/002_Pyszne25-2048x931.jpg 2048w\" sizes=\"auto, (max-width: 706px) 89vw, (max-width: 767px) 82vw, 740px\" \/><\/figure>\n\n\n\n<figure class=\"wp-block-image size-large\"><img loading=\"lazy\" decoding=\"async\" width=\"1024\" height=\"465\" data-id=\"50\" src=\"http:\/\/zgloszenia.earlgreyfilm.com\/wp-content\/uploads\/2024\/09\/007_Mamy-Cie-1024x465.jpg\" alt=\"\" class=\"wp-image-50\" srcset=\"https:\/\/earlgreyfilm.com\/wp-content\/uploads\/2024\/09\/007_Mamy-Cie-1024x465.jpg 1024w, https:\/\/earlgreyfilm.com\/wp-content\/uploads\/2024\/09\/007_Mamy-Cie-300x136.jpg 300w, https:\/\/earlgreyfilm.com\/wp-content\/uploads\/2024\/09\/007_Mamy-Cie-768x349.jpg 768w, https:\/\/earlgreyfilm.com\/wp-content\/uploads\/2024\/09\/007_Mamy-Cie-1536x698.jpg 1536w, https:\/\/earlgreyfilm.com\/wp-content\/uploads\/2024\/09\/007_Mamy-Cie-2048x931.jpg 2048w\" sizes=\"auto, (max-width: 706px) 89vw, (max-width: 767px) 82vw, 740px\" \/><\/figure>\n\n\n\n<figure class=\"wp-block-image size-large\"><img loading=\"lazy\" decoding=\"async\" width=\"1024\" height=\"465\" data-id=\"45\" src=\"http:\/\/zgloszenia.earlgreyfilm.com\/wp-content\/uploads\/2024\/09\/001_Heniek-1024x465.jpg\" alt=\"\" class=\"wp-image-45\" srcset=\"https:\/\/earlgreyfilm.com\/wp-content\/uploads\/2024\/09\/001_Heniek-1024x465.jpg 1024w, https:\/\/earlgreyfilm.com\/wp-content\/uploads\/2024\/09\/001_Heniek-300x136.jpg 300w, https:\/\/earlgreyfilm.com\/wp-content\/uploads\/2024\/09\/001_Heniek-768x349.jpg 768w, https:\/\/earlgreyfilm.com\/wp-content\/uploads\/2024\/09\/001_Heniek-1536x698.jpg 1536w, https:\/\/earlgreyfilm.com\/wp-content\/uploads\/2024\/09\/001_Heniek-2048x931.jpg 2048w\" sizes=\"auto, (max-width: 706px) 89vw, (max-width: 767px) 82vw, 740px\" \/><\/figure>\n<\/figure>\n\n\n\n<p>Tworzymy, bo uwielbiamy opowiada\u0107 historie. Dbamy o ka\u017cdy detal, aby dostarcza\u0107 produkcje spe\u0142niaj\u0105ce najwy\u017csze standardy jako\u015bci, zgodnie z oczekiwaniami najwi\u0119kszych stacji telewizyjnych w Polsce.&nbsp;<\/p>\n\n\n\n<p>Produkujemy filmy fabularne, dokumentalno-fabularne, seriale dokumentalne, reality show, sitcomy, programy kulinarne. Ka\u017cdy projekt, kt\u00f3ry realizujemy, to wyraz naszej pasji do opowiadania historii, kt\u00f3re zaanga\u017cuj\u0105 widz\u00f3w i pozostan\u0105 z nimi na d\u0142ugo.<\/p>\n\n\n\n<blockquote class=\"wp-block-quote is-layout-flow wp-block-quote-is-layout-flow\">\n<figure class=\"wp-block-gallery has-nested-images columns-default is-cropped wp-block-gallery-2 is-layout-flex wp-block-gallery-is-layout-flex\">\n<figure class=\"wp-block-image size-large\"><img loading=\"lazy\" decoding=\"async\" width=\"1024\" height=\"465\" data-id=\"62\" src=\"http:\/\/zgloszenia.earlgreyfilm.com\/wp-content\/uploads\/2024\/09\/018_Milosc-Nie-zna-Granic-1024x465.jpg\" alt=\"\" class=\"wp-image-62\" srcset=\"https:\/\/earlgreyfilm.com\/wp-content\/uploads\/2024\/09\/018_Milosc-Nie-zna-Granic-1024x465.jpg 1024w, https:\/\/earlgreyfilm.com\/wp-content\/uploads\/2024\/09\/018_Milosc-Nie-zna-Granic-300x136.jpg 300w, https:\/\/earlgreyfilm.com\/wp-content\/uploads\/2024\/09\/018_Milosc-Nie-zna-Granic-768x349.jpg 768w, https:\/\/earlgreyfilm.com\/wp-content\/uploads\/2024\/09\/018_Milosc-Nie-zna-Granic-1536x698.jpg 1536w, https:\/\/earlgreyfilm.com\/wp-content\/uploads\/2024\/09\/018_Milosc-Nie-zna-Granic-2048x931.jpg 2048w\" sizes=\"auto, (max-width: 706px) 89vw, (max-width: 767px) 82vw, 740px\" \/><\/figure>\n\n\n\n<figure class=\"wp-block-image size-large\"><img loading=\"lazy\" decoding=\"async\" width=\"1024\" height=\"465\" data-id=\"61\" src=\"http:\/\/zgloszenia.earlgreyfilm.com\/wp-content\/uploads\/2024\/09\/017_Przeznaczenie-1024x465.jpg\" alt=\"\" class=\"wp-image-61\" srcset=\"https:\/\/earlgreyfilm.com\/wp-content\/uploads\/2024\/09\/017_Przeznaczenie-1024x465.jpg 1024w, https:\/\/earlgreyfilm.com\/wp-content\/uploads\/2024\/09\/017_Przeznaczenie-300x136.jpg 300w, https:\/\/earlgreyfilm.com\/wp-content\/uploads\/2024\/09\/017_Przeznaczenie-768x349.jpg 768w, https:\/\/earlgreyfilm.com\/wp-content\/uploads\/2024\/09\/017_Przeznaczenie-1536x698.jpg 1536w, https:\/\/earlgreyfilm.com\/wp-content\/uploads\/2024\/09\/017_Przeznaczenie-2048x931.jpg 2048w\" sizes=\"auto, (max-width: 706px) 89vw, (max-width: 767px) 82vw, 740px\" \/><\/figure>\n\n\n\n<figure class=\"wp-block-image size-large\"><img loading=\"lazy\" decoding=\"async\" width=\"1024\" height=\"465\" data-id=\"60\" src=\"http:\/\/zgloszenia.earlgreyfilm.com\/wp-content\/uploads\/2024\/09\/016_PUP-1024x465.jpg\" alt=\"\" class=\"wp-image-60\" srcset=\"https:\/\/earlgreyfilm.com\/wp-content\/uploads\/2024\/09\/016_PUP-1024x465.jpg 1024w, https:\/\/earlgreyfilm.com\/wp-content\/uploads\/2024\/09\/016_PUP-300x136.jpg 300w, https:\/\/earlgreyfilm.com\/wp-content\/uploads\/2024\/09\/016_PUP-768x349.jpg 768w, https:\/\/earlgreyfilm.com\/wp-content\/uploads\/2024\/09\/016_PUP-1536x698.jpg 1536w, https:\/\/earlgreyfilm.com\/wp-content\/uploads\/2024\/09\/016_PUP-2048x931.jpg 2048w\" sizes=\"auto, (max-width: 706px) 89vw, (max-width: 767px) 82vw, 740px\" \/><\/figure>\n\n\n\n<figure class=\"wp-block-image size-large\"><img loading=\"lazy\" decoding=\"async\" width=\"1024\" height=\"465\" data-id=\"59\" src=\"http:\/\/zgloszenia.earlgreyfilm.com\/wp-content\/uploads\/2024\/09\/015_Magia-Swiat-1024x465.jpg\" alt=\"\" class=\"wp-image-59\" srcset=\"https:\/\/earlgreyfilm.com\/wp-content\/uploads\/2024\/09\/015_Magia-Swiat-1024x465.jpg 1024w, https:\/\/earlgreyfilm.com\/wp-content\/uploads\/2024\/09\/015_Magia-Swiat-300x136.jpg 300w, https:\/\/earlgreyfilm.com\/wp-content\/uploads\/2024\/09\/015_Magia-Swiat-768x349.jpg 768w, https:\/\/earlgreyfilm.com\/wp-content\/uploads\/2024\/09\/015_Magia-Swiat-1536x698.jpg 1536w, https:\/\/earlgreyfilm.com\/wp-content\/uploads\/2024\/09\/015_Magia-Swiat-2048x931.jpg 2048w\" sizes=\"auto, (max-width: 706px) 89vw, (max-width: 767px) 82vw, 740px\" \/><\/figure>\n\n\n\n<figure class=\"wp-block-image size-large\"><img loading=\"lazy\" decoding=\"async\" width=\"1024\" height=\"465\" data-id=\"58\" src=\"http:\/\/zgloszenia.earlgreyfilm.com\/wp-content\/uploads\/2024\/09\/014_Zaginione-1024x465.jpg\" alt=\"\" class=\"wp-image-58\" srcset=\"https:\/\/earlgreyfilm.com\/wp-content\/uploads\/2024\/09\/014_Zaginione-1024x465.jpg 1024w, https:\/\/earlgreyfilm.com\/wp-content\/uploads\/2024\/09\/014_Zaginione-300x136.jpg 300w, https:\/\/earlgreyfilm.com\/wp-content\/uploads\/2024\/09\/014_Zaginione-768x349.jpg 768w, https:\/\/earlgreyfilm.com\/wp-content\/uploads\/2024\/09\/014_Zaginione-1536x698.jpg 1536w, https:\/\/earlgreyfilm.com\/wp-content\/uploads\/2024\/09\/014_Zaginione-2048x931.jpg 2048w\" sizes=\"auto, (max-width: 706px) 89vw, (max-width: 767px) 82vw, 740px\" \/><\/figure>\n\n\n\n<figure class=\"wp-block-image size-large\"><img loading=\"lazy\" decoding=\"async\" width=\"1024\" height=\"465\" data-id=\"56\" src=\"http:\/\/zgloszenia.earlgreyfilm.com\/wp-content\/uploads\/2024\/09\/012_My-Way-1024x465.jpg\" alt=\"\" class=\"wp-image-56\" srcset=\"https:\/\/earlgreyfilm.com\/wp-content\/uploads\/2024\/09\/012_My-Way-1024x465.jpg 1024w, https:\/\/earlgreyfilm.com\/wp-content\/uploads\/2024\/09\/012_My-Way-300x136.jpg 300w, https:\/\/earlgreyfilm.com\/wp-content\/uploads\/2024\/09\/012_My-Way-768x349.jpg 768w, https:\/\/earlgreyfilm.com\/wp-content\/uploads\/2024\/09\/012_My-Way-1536x698.jpg 1536w, https:\/\/earlgreyfilm.com\/wp-content\/uploads\/2024\/09\/012_My-Way-2048x931.jpg 2048w\" sizes=\"auto, (max-width: 706px) 89vw, (max-width: 767px) 82vw, 740px\" \/><\/figure>\n\n\n\n<figure class=\"wp-block-image size-large\"><img loading=\"lazy\" decoding=\"async\" width=\"1024\" height=\"465\" data-id=\"55\" src=\"http:\/\/zgloszenia.earlgreyfilm.com\/wp-content\/uploads\/2024\/09\/011_Wracajcie-Skad-Przyszliscie-1024x465.jpg\" alt=\"\" class=\"wp-image-55\" srcset=\"https:\/\/earlgreyfilm.com\/wp-content\/uploads\/2024\/09\/011_Wracajcie-Skad-Przyszliscie-1024x465.jpg 1024w, https:\/\/earlgreyfilm.com\/wp-content\/uploads\/2024\/09\/011_Wracajcie-Skad-Przyszliscie-300x136.jpg 300w, https:\/\/earlgreyfilm.com\/wp-content\/uploads\/2024\/09\/011_Wracajcie-Skad-Przyszliscie-768x349.jpg 768w, https:\/\/earlgreyfilm.com\/wp-content\/uploads\/2024\/09\/011_Wracajcie-Skad-Przyszliscie-1536x698.jpg 1536w, https:\/\/earlgreyfilm.com\/wp-content\/uploads\/2024\/09\/011_Wracajcie-Skad-Przyszliscie-2048x931.jpg 2048w\" sizes=\"auto, (max-width: 706px) 89vw, (max-width: 767px) 82vw, 740px\" \/><\/figure>\n\n\n\n<figure class=\"wp-block-image size-large\"><img loading=\"lazy\" decoding=\"async\" width=\"1024\" height=\"465\" data-id=\"54\" src=\"http:\/\/zgloszenia.earlgreyfilm.com\/wp-content\/uploads\/2024\/09\/010_Spotaknie-ze-smakiem-1024x465.jpg\" alt=\"\" class=\"wp-image-54\" srcset=\"https:\/\/earlgreyfilm.com\/wp-content\/uploads\/2024\/09\/010_Spotaknie-ze-smakiem-1024x465.jpg 1024w, https:\/\/earlgreyfilm.com\/wp-content\/uploads\/2024\/09\/010_Spotaknie-ze-smakiem-300x136.jpg 300w, https:\/\/earlgreyfilm.com\/wp-content\/uploads\/2024\/09\/010_Spotaknie-ze-smakiem-768x349.jpg 768w, https:\/\/earlgreyfilm.com\/wp-content\/uploads\/2024\/09\/010_Spotaknie-ze-smakiem-1536x698.jpg 1536w, https:\/\/earlgreyfilm.com\/wp-content\/uploads\/2024\/09\/010_Spotaknie-ze-smakiem-2048x931.jpg 2048w\" sizes=\"auto, (max-width: 706px) 89vw, (max-width: 767px) 82vw, 740px\" \/><\/figure>\n\n\n\n<figure class=\"wp-block-image size-large\"><img loading=\"lazy\" decoding=\"async\" width=\"1024\" height=\"465\" data-id=\"51\" src=\"http:\/\/zgloszenia.earlgreyfilm.com\/wp-content\/uploads\/2024\/09\/008_Wybrancy-1024x465.jpg\" alt=\"\" class=\"wp-image-51\" srcset=\"https:\/\/earlgreyfilm.com\/wp-content\/uploads\/2024\/09\/008_Wybrancy-1024x465.jpg 1024w, https:\/\/earlgreyfilm.com\/wp-content\/uploads\/2024\/09\/008_Wybrancy-300x136.jpg 300w, https:\/\/earlgreyfilm.com\/wp-content\/uploads\/2024\/09\/008_Wybrancy-768x349.jpg 768w, https:\/\/earlgreyfilm.com\/wp-content\/uploads\/2024\/09\/008_Wybrancy-1536x698.jpg 1536w, https:\/\/earlgreyfilm.com\/wp-content\/uploads\/2024\/09\/008_Wybrancy-2048x931.jpg 2048w\" sizes=\"auto, (max-width: 706px) 89vw, (max-width: 767px) 82vw, 740px\" \/><\/figure>\n\n\n\n<figure class=\"wp-block-image size-large\"><img loading=\"lazy\" decoding=\"async\" width=\"1024\" height=\"465\" data-id=\"49\" src=\"http:\/\/zgloszenia.earlgreyfilm.com\/wp-content\/uploads\/2024\/09\/006_10ZS-MM-S01-1024x465.jpg\" alt=\"\" class=\"wp-image-49\" srcset=\"https:\/\/earlgreyfilm.com\/wp-content\/uploads\/2024\/09\/006_10ZS-MM-S01-1024x465.jpg 1024w, https:\/\/earlgreyfilm.com\/wp-content\/uploads\/2024\/09\/006_10ZS-MM-S01-300x136.jpg 300w, https:\/\/earlgreyfilm.com\/wp-content\/uploads\/2024\/09\/006_10ZS-MM-S01-768x349.jpg 768w, https:\/\/earlgreyfilm.com\/wp-content\/uploads\/2024\/09\/006_10ZS-MM-S01-1536x698.jpg 1536w, https:\/\/earlgreyfilm.com\/wp-content\/uploads\/2024\/09\/006_10ZS-MM-S01-2048x931.jpg 2048w\" sizes=\"auto, (max-width: 706px) 89vw, (max-width: 767px) 82vw, 740px\" \/><\/figure>\n\n\n\n<figure class=\"wp-block-image size-large\"><img loading=\"lazy\" decoding=\"async\" width=\"1024\" height=\"465\" data-id=\"48\" src=\"http:\/\/zgloszenia.earlgreyfilm.com\/wp-content\/uploads\/2024\/09\/005_Cud-Historii-1024x465.jpg\" alt=\"\" class=\"wp-image-48\" srcset=\"https:\/\/earlgreyfilm.com\/wp-content\/uploads\/2024\/09\/005_Cud-Historii-1024x465.jpg 1024w, https:\/\/earlgreyfilm.com\/wp-content\/uploads\/2024\/09\/005_Cud-Historii-300x136.jpg 300w, https:\/\/earlgreyfilm.com\/wp-content\/uploads\/2024\/09\/005_Cud-Historii-768x349.jpg 768w, https:\/\/earlgreyfilm.com\/wp-content\/uploads\/2024\/09\/005_Cud-Historii-1536x698.jpg 1536w, https:\/\/earlgreyfilm.com\/wp-content\/uploads\/2024\/09\/005_Cud-Historii-2048x931.jpg 2048w\" sizes=\"auto, (max-width: 706px) 89vw, (max-width: 767px) 82vw, 740px\" \/><\/figure>\n<\/figure>\n<\/blockquote>\n\n\n\n<p>Je\u015bli chcesz z nami pracowa\u0107 lub masz genialny pomys\u0142 do zrealizowania, formularz kontaktowy znajdziesz na naszej stronie.<\/p>\n\n\n\n<ul class=\"wp-block-list\">\n<li><a href=\"http:\/\/zgloszenia.earlgreyfilm.com\/\" data-type=\"page\" data-id=\"13\">Zg\u0142oszenie do programu '\u015alub od Pierwszego Wejrzenia&#8217;<\/a><\/li>\n\n\n\n<li><a href=\"http:\/\/zgloszenia.earlgreyfilm.com\/index.php\/wspolpraca\/\" data-type=\"page\" data-id=\"92\">Wsp\u00f3\u0142praca<\/a><\/li>\n\n\n\n<li><a href=\"http:\/\/zgloszenia.earlgreyfilm.com\/index.php\/praca\/\" data-type=\"page\" data-id=\"91\">Praca<\/a><\/li>\n<\/ul>\n\n\n\n<p>Aby by\u0107 na bie\u017c\u0105co z naszymi nowymi projektami, <a href=\"https:\/\/www.facebook.com\/EarlGreyfilm\/\">zapraszamy na nasze profile na Facebooku<\/a> oraz <a href=\"https:\/\/www.instagram.com\/earlgrey_film\/\" data-type=\"link\" data-id=\"https:\/\/www.instagram.com\/earlgrey_film\/\">Instagramie<\/a>.<\/p>\n\n\n\n<p class=\"has-small-font-size\"><\/p>\n\n\n\n<p><\/p>\n","protected":false},"excerpt":{"rendered":"<p>W EARLGREY tworzymy ju\u017c od kilkunastu lat. Nasza historia zacz\u0119\u0142a si\u0119 jednak wcze\u015bniej. Na pocz\u0105tku pracowali\u015bmy dla telewizji jako zesp\u00f3\u0142, wsp\u00f3\u0142tworz\u0105c projekty, kt\u00f3re polubili widzowie. &nbsp; Tworzymy, bo uwielbiamy opowiada\u0107 historie. Dbamy o ka\u017cdy detal, aby dostarcza\u0107 produkcje spe\u0142niaj\u0105ce najwy\u017csze standardy jako\u015bci, zgodnie z oczekiwaniami najwi\u0119kszych stacji telewizyjnych w Polsce.&nbsp; Produkujemy filmy fabularne, dokumentalno-fabularne, seriale &hellip; <\/p>\n<p class=\"link-more\"><a href=\"https:\/\/earlgreyfilm.com\/index.php\/strona-glowna\/\" class=\"more-link\">Czytaj dalej<span class=\"screen-reader-text\"> \u201eEarlGrey\u201d<\/span><\/a><\/p>\n","protected":false},"author":1,"featured_media":0,"parent":0,"menu_order":0,"comment_status":"closed","ping_status":"closed","template":"","meta":{"footnotes":""},"class_list":["post-12","page","type-page","status-publish","hentry"],"jetpack_sharing_enabled":true,"_links":{"self":[{"href":"https:\/\/earlgreyfilm.com\/index.php\/wp-json\/wp\/v2\/pages\/12","targetHints":{"allow":["GET"]}}],"collection":[{"href":"https:\/\/earlgreyfilm.com\/index.php\/wp-json\/wp\/v2\/pages"}],"about":[{"href":"https:\/\/earlgreyfilm.com\/index.php\/wp-json\/wp\/v2\/types\/page"}],"author":[{"embeddable":true,"href":"https:\/\/earlgreyfilm.com\/index.php\/wp-json\/wp\/v2\/users\/1"}],"replies":[{"embeddable":true,"href":"https:\/\/earlgreyfilm.com\/index.php\/wp-json\/wp\/v2\/comments?post=12"}],"version-history":[{"count":12,"href":"https:\/\/earlgreyfilm.com\/index.php\/wp-json\/wp\/v2\/pages\/12\/revisions"}],"predecessor-version":[{"id":149,"href":"https:\/\/earlgreyfilm.com\/index.php\/wp-json\/wp\/v2\/pages\/12\/revisions\/149"}],"wp:attachment":[{"href":"https:\/\/earlgreyfilm.com\/index.php\/wp-json\/wp\/v2\/media?parent=12"}],"curies":[{"name":"wp","href":"https:\/\/api.w.org\/{rel}","templated":true}]}}